 7620*l + 8663946. What is p(-1137)?
6
Let i(m) = -11*m**2 - 101*m - 177. Calculate i(-2).
-19
Let p(b) = -117*b**2 + 107*b - 141. Determine p(1).
-151
Let o(c) = 90*c - 423. Give o(0).
-423
Let k(o) = -o**2 + 592*o - 20645. What is k(37)?
-110
Let l(y) = -183*y + 45992. Give l(250).
242
Let j(x) = x**2 - 853*x + 34345. Calculate j(41).
1053
Let a(i) = -5*i**3 - 255*i**2 - 22*i - 1113. Determine a(-51).
9
Let t(s) = -13072*s + 4052359. Give t(310).
39
Let m(b) = 143445*b - 4446689. Determine m(31).
106
Let a(t) = -592*t**2 - 3890*t - 2051. Determine a(-6).
-23
Let f(q) = -13651*q - 136525. Determine f(-10).
-15
Let c(j) = j**3 - 6896*j**2 - 494662*j - 365. Calculate c(-71).
-10
Let h(r) = 2*r**3 + 11*r**2 + 269*r + 2511. Determine h(-8).
39
Let s(i) = i**2 - 1762*i - 7038. What is s(-4)?
26
Let y(r) = -2*r**3 - 139*r**2 + 981*r - 534. Give y(-76).
-2
Let g(p) = -p**3 - 15*p**2 + 154*p + 1730. What is g(-19)?
248
Let b(w) = -9405*w - 112830. What is b(-12)?
30
Let o(k) = -9516*k + 2626416. Give o(276).
0
Let i(n) = 3*n - 1417. What is i(100)?
-1117
Let n(g) = -304*g**3 + 5*g**2 - 15*g - 17. Give n(-1).
307
Let j(t) = -t**3 + 12*t**2 + 9*t - 367. Determine j(9).
-43
Let i(v) = -v**3 + 299*v**2 - 4265*v + 2768. Determine i(284).
1348
Let x(z) = 17*z**2 - 8978*z - 53436. Calculate x(534).
-36
Let q(n) = 1489*n + 47856. What is q(-32)?
208
Let g(h) = -2*h**2 + 207*h - 4564. Calculate g(27).
-433
Let w(h) = 18*h**3 + 1886*h**2 - 393*h + 2807. What is w(-105)?
-28
Let w(y) = 10*y**2 - 2907*y + 4947. Calculate w(289).
34
Let b(p) = 15*p**2 - 2062*p - 11929. Calculate b(143).
-60
Let q(a) = 3*a**2 + 418*a + 5812. Give q(-124).
108
Let v(o) = 720185*o + 720145. Determine v(-1).
-40
Let n(p) = -2*p**3 - 36*p**2 + 48*p + 314. Give n(-19).
124
Let l(s) = -747*s - 6258. Calculate l(-8).
-282
Let x(a) = -a**2 + 5621*a - 28075. What is x(5)?
5
Let c(j) = -3*j**3 + 5*j**2 + 1215*j - 2435. Calculate c(2).
-9
Let o(d) = -5*d**2 - 160*d - 420. Give o(-37).
-1345
Let m(i) = 4*i**3 + 4295*i**2 - 997*i + 82692. Calculate m(-1074).
-6
Let z(o) = -o**3 - 27*o**2 + 642*o - 214. Calculate z(15).
-34
Let j(b) = 302*b + 14264. Calculate j(-58).
-3252
Let q(j) = -58689*j + 1291170. Determine q(22).
12
Let o(i) = -1161*i + 50957. Calculate o(44).
-127
Let y(f) = f**3 - 194*f**2 + 676*f - 269. Calculate y(3).
40
Let b(r) = -3*r**2 - 390*r + 4108. Give b(10).
-92
Let h(t) = -3*t**2 + 144*t - 1865. Give h(25).
-140
Let s(w) = 765160*w - 8. What is s(0)?
-8
Let g(y) = -7305*y - 1833537. Give g(-251).
18
Let d(c) = -c**3 + 31*c**2 + 356*c - 153. Determine d(42).
-4605
Let i(q) = 4655*q - 14158. Determine i(3).
-193
Let g(l) = 2*l**2 + 33014*l - 198054. Calculate g(6).
102
Let x(p) = 76*p**2 - 74*p + 3. Determine x(-1).
153
Let h(s) = -s**3 - 15*s**2 - 43*s + 66. Determine h(-7).
-25
Let t(c) = c**3 - 27*c**2 + 5*c + 329. Calculate t(27).
464
Let s(g) = -7*g**3 + 1993*g**2 + 556*g + 2693. Calculate s(285).
-1297
Let c(z) = z**3 + 203*z**2 + 3166*z + 702. Give c(-186).
-42
Let g(c) = 467997*c + 5147970. Give g(-11).
3
Let b(u) = -2*u**2 - 607009*u + 7284399. Give b(12).
3
Let g(l) = -3*l**2 - 451*l + 6772. Give g(14).
-130
Let i(a) = 5372*a - 407954. Determine i(76).
318
Let w(z) = -212*z - 4800. Give w(-18).
-984
Let z(v) = v**3 - 390*v**2 + 3033*v - 1028682. Calculate z(389).
-166
Let l(p) = -4*p**2 - 4738*p + 135779. Determine l(28).
-21
Let g(d) = d**3 + 35*d**2 - 143*d - 800. Calculate g(-38).
302
Let f(m) = 54*m**2 + 1256*m - 7514. What is f(6)?
1966
Let b(r) = -251*r - 91120. Give b(-363).
-7
Let h(m) = 146*m - 33917. Give h(233).
101
Let t(k) = -5*k**3 - 105*k**2 - 5*k - 140. What is t(-21)?
-35
Let b(f) = -40*f**2 - 254*f - 519. Determine b(-2).
-171
Let p(a) = -25*a**2 - 243*a + 702. Calculate p(-12).
18
Let z(o) = -774*o**2 - 562*o - 1040. Give z(-2).
-3012
Let w(t) = 2*t**3 - 376*t**2 - 13570*t + 386. Calculate w(-31).
138
Let p(v) = -6503*v - 403273. Give p(-62).
-87
Let h(v) = -3*v**2 + 2742*v - 45746. What is h(17)?
1
Let x(o) = -o**3 + 45*o**2 - 193*o - 2774. Calculate x(38).
0
Let r(s) = 1104*s - 47648. Calculate r(44).
928
Let p(r) = r**3 - 10*r**2 - 97748*r + 879814. Calculate p(9).
1
Let h(c) = -c**2 - 1346*c - 242251. Determine h(-214).
-3
Let i(g) = g**2 + 358*g + 24352. What is i(-91)?
55
Let l(x) = -383025*x + 28726886. Give l(75).
11
Let o(n) = -18*n**3 - 118*n**2 + 29*n + 299. Calculate o(-7).
488
Let a(o) = -341*o + 11604. Determine a(34).
10
Let r(u) = u**2 - 133*u + 3971. What is r(46)?
-31
Let s(q) = -3409*q**2 - 51124*q + 186. Give s(-15).
21
Let y(h) = h**3 + 231*h**2 + 165*h - 66897. What is y(-229)?
200
Let n(c) = -10*c**2 - 569*c + 3448. Calculate n(-63).
-395
Let z(y) = y**3 - 205*y**2 - 2475*y + 1554. Determine z(-12).
6
Let w(q) = -248423*q + 248424. Determine w(1).
1
Let l(r) = 54*r**2 + 12559*r + 7191. Give l(-232).
-1
Let n(v) = 389227*v + 2724601. Calculate n(-7).
12
Let j(x) = 3*x**2 + 909*x - 4459. Give j(5).
161
Let k(r) = 5*r**3 + 227*r**2 + 2311*r - 37. What is k(-30)?
-67
Let c(f) = -667*f**2 - 15977*f + 747. Determine c(-24).
3
Let q(j) = -886*j + 153280. Give q(173).
2
Let s(j) = 45*j**2 - 153*j - 2109. What is s(-13)?
7485
Let o(r) = -4*r**2 + 48080*r + 1011428. Calculate o(-21).
-16
Let p(c) = -279284*c + 13. Calculate p(0).
13
Let v(s) = 4*s**3 - 18*s**2 + 79*s - 183. What is v(8)?
1345
Let f(l) = l**3 + 163*l**2 + 282*l - 3270. Give f(-161).
3170
Let o(y) = -1458*y + 1895. Give o(1).
437
Let n(t) = 361*t + 48922. Give n(-136).
-174
Let g(i) = -1074836*i + 10748358. Determine g(10).
-2
Let d(i) = -3355*i + 166380. What is d(49)?
1985
Let q(l) = -15858*l + 618472. Give q(39).
10
Let y(v) = 1104*v + 4021. Calculate y(-7).
-3707
Let x(t) = -13131*t + 78798. Give x(6).
12
Let h(c) = 1845*c - 4620. What is h(2)?
-930
Let b(u) = -1770*u + 1660. What is b(1)?
-110
Let g(r) = -230*r - 23041. Calculate g(-99).
-271
Let y(g) = -40*g**2 - 10484*g + 42573. What is y(4)?
-3
Let m(p) = -8177*p + 55232. Calculate m(7).
-2007
Let u(s) = -5*s**2 + 1006*s - 2012. Give u(198).
1156
Let f(r) = -51*r - 6614. What is f(-106)?
-1208
Let v(c) = -c**2 + 27*c + 142. Calculate v(-20).
-798
Let z(g) = -2*g**3 + 71*g**2 - 825*g + 3208. Give z(16).
-8
Let a(n) = 5*n**2 - 203*n + 681. What is a(39)?
369
Let p(h) = h**3 + 255*h**2 - 619*h - 26983. What is p(-257)?
2
Let s(u) = 1646*u + 9814. Calculate s(-6).
-62
Let s(n) = -29*n**2 + 63*n + 4. Determine s(2).
14
Let t(d) = 23469*d + 375485. Determine t(-16).
-19
Let p(f) = 181*f**3 - 6*f**2 + 93*f - 87. Give p(1).
181
Let m(j) = -1283*j + 9019. What is m(7)?
38
Let n(a) = a**2 + 45*a - 61299. Calculate n(226).
-53
Let w(n) = -2*n**2 + 572*n + 103473. Determine w(-127).
-1429
Let g(o) = o**3 + 439*o**2 + 2117*o + 1925628. Determine g(-444).
0
Let x(c) = 8*c**2 - 14533*c + 116242. Determine x(8).
490
Let u(f) = 205*f**2 + 1262*f - 5035. Give u(4).
3293
Let u(t) = t**2 - 206*t + 912. Determine u(201).
-93
Let c(g) = -1558*g - 249264. Calculate c(-160).
16
Let y(x) = x**3 + 117*x**2 + 3242*x + 24. Give y(-45).
-66
Let y(q) = 214*q + 4468. Determine y(-12).
1900
Let u(l) = 13363*l - 187083. Determine u(14).
-1
Let d(j) = 89195*j - 3657000. Determine d(41).
-5
Let u(q) = -82*q - 396. Determine u(0).
-396
Let u(o) = 37*o**2 + 5051*o + 64. What is u(-137)?
2530
Let u(l) = -l**2 - 2178*l - 59798. What is u(-28)?
402
Let v(s) = -2999*s + 8719. Give v(3).
-278
Let g(a) = -260989*a - 521974. Give g(-2).
4
Let j(h) = 89901*h + 4315239. What is j(-48)?
-9
Let c(t) = 4*t**2 + 194*t + 2337. Determine c(-22).
5
Let z(s) = 4547*s**2 - 36374*s - 10. Calculate z(8).
6
Let u(c) = -2*c**2 - 540*c - 34818. Determine u(-106).
-50
Let g(t) = -t**3 + 182*t**2 - 8413*t + 12013. Calculate g(91).
1
Let a(b) = b**3 - 7*b**2 + 241*b - 1846. Calculate a(8).
146
Let d(y) = -2*y**3 + 6*y**2 + 31*y - 46. Give d(6).
-76
Let i(x) = 84155*x + 1262160. Calculate i(-15).
-165
Let t(s) = -s**3 + 69*s**2 + 369*s + 191. Give t(-5).
196
Let p(l) = 13*l - 2530. Calculate p(179).
-203
Let h(t) = -30*t**2 - 8969*t + 9230. What is h(-300)?
-70
Let l(k) = -k**3 - 46*k**2 - 486*k - 655. Determine l(-25).
-1630
Let j(c) = c**3 + 61*c**2 - 202*c - 569. Determine j(-64).
71
Let o(l) = 981*l - 288374. What is o(294)?
40
Let k(b) = 37*b**2 + 1721*b - 823. Giv